9
What is the ten thousands digit of 522369?
2
What is the millions digit of 27554099?
7
What is the hundreds digit of 153175?
1
What is the ten thousands digit of 219175?
1
What is the hundred thousands digit of 155747?
1
What is the units digit of 4083650?
0
What is the tens digit of 16773860?
6
What is the hundreds digit of 134416?
4
What is the ten thousands digit of 1853121?
5
What is the units digit of 79347?
7
What is the millions digit of 16908949?
6
What is the hundred thousands digit of 519048?
5
What is the hundred thousands digit of 6733870?
7
What is the ten thousands digit of 7564479?
6
What is the tens digit of 211434?
3
What is the hundreds digit of 1966360?
3
What is the hundred thousands digit of 688383?
6
What is the millions digit of 3074245?
3
What is the hundreds digit of 14909?
9
What is the thousands digit of 6059956?
9
What is the units digit of 2394480?
0
What is the units digit of 245806?
6
What is the tens digit of 1377300?
0
What is the hundreds digit of 2614351?
3
What is the thousands digit of 714278?
4
What is the ten thousands digit of 244450?
4
What is the tens digit of 8475?
7
What is the thousands digit of 2122369?
2
What is the hundred thousands digit of 1079862?
0
What is the tens digit of 448902?
0
What is the hundreds digit of 183019?
0
What is the units digit of 7761?
1
What is the millions digit of 1912196?
1
What is the thousands digit of 11757664?
7
What is the tens digit of 182062?
6
What is the thousands digit of 166521?
6
What is the units digit of 863891?
1
What is the hundreds digit of 410550?
5
What is the hundred thousands digit of 696368?
6
What is the thousands digit of 189521?
9
What is the ten thousands digit of 901601?
0
What is the hundreds digit of 2359845?
8
What is the units digit of 4108260?
0
What is the tens digit of 6607340?
4
What is the units digit of 42538?
8
What is the thousands digit of 53950?
3
What is the hundred thousands digit of 438532?
4
What is the hundred thousands digit of 126147?
1
What is the tens digit of 163488?
8
What is the hundreds digit of 9480641?
6
What is the tens digit of 71155?
5
What is the hundreds digit of 390857?
8
What is the millions digit of 2598421?
2
What is the millions digit of 2082546?
2
What is the hundreds digit of 2161708?
7
What is the tens digit of 36228?
2
What is the tens digit of 6306383?
8
What is the units digit of 424435?
5
What is the tens digit of 523695?
9
What is the units digit of 81623?
3
What is the hundreds digit of 5204597?
5
What is the ten thousands digit of 1418536?
1
What is the tens digit of 1959563?
6
What is the hundreds digit of 3944907?
9
What is the thousands digit of 2163417?
3
What is the tens digit of 4142453?
5
What is the thousands digit of 91449?
1
What is the hundreds digit of 9293968?
9
What is the ten thousands digit of 130477?
3
What is the millions digit of 2541085?
2
What is the units digit of 700258?
8
What is the units digit of 184823?
3
What is the hundred thousands digit of 1005352?
0
What is the ten thousands digit of 102103?
0
What is the hundreds digit of 1334589?
5
What is the tens digit of 1997994?
9
What is the units digit of 6342?
2
What is the hundred thousands digit of 4971551?
9
What is the hundred thousands digit of 313269?
3
What is the units digit of 213996?
6
What is the hundreds digit of 1761689?
6
What is the tens digit of 4776905?
0
What is the ten thousands digit of 57799?
5
What is the ten thousands digit of 4703954?
0
What is the tens digit of 1114417?
1
What is the tens digit of 481316?
1
What is the ten millions digit of 26323546?
2
What is the hundred thousands digit of 2604016?
6
What is the tens digit of 5809?
0
What is the hundred thousands digit of 10597109?
5
What is the hundreds digit of 125512?
5
What is the hundred thousands digit of 523468?
5
What is the ten thousands digit of 1830186?
3
What is the ten thousands digit of 2358851?
5
What is the hundred thousands digit of 106427?
1
What is the tens digit of 702856?
5
What is the millions digit of 1557546?
1
What is the ten thousands digit of 8706676?
0
What is the thousands digit of 44866?
4
What is the hundreds digit of 34444050?
0
What is the hundred thousands digit of 425538?
4
What is the units digit of 344065?
5
What is the tens digit of 306906?
0
What is the tens digit of 1790413?
1
What is the millions digit of 10402823?
0
What is the thousands digit of 3615564?
5
What is the ten thousands digit of 1409609?
0
What is the millions digit of 9274801?
9
What is the thousands digit of 844132?
4
What is the units digit of 7907103?
3
What is the tens digit of 1337607?
0
What is the tens digit of 356263?
6
What is the units digit of 2859324?
4
What is the thousands digit of 9404735?
4
What is the hundreds digit of 55494?
4
What is the tens digit of 2853778?
7
What is the millions digit of 6517517?
6
What is the millions digit of 3362166?
3
What is the units digit of 4403928?
8
What is the hundreds digit of 11711969?
9
What is the tens digit of 6671326?
2
What is the ten thousands digit of 1661204?
6
What is the hundreds digit of 17092472?
4
What is the thousands digit of 412790?
2
What is the millions digit of 19217941?
9
What is the thousands digit of 3385792?
5
What is the ten thousands digit of 840292?
4
What is the ten thousands digit of 311648?
1
What is the hundreds digit of 2260404?
4
What is the ten thousands digit of 132884?
3
What is the ten thousands digit of 177388?
7
What is the hundreds digit of 239062?
0
What is the tens digit of 5415982?
8
What is the ten thousands digit of 198949?
9
What is the hundred thousands digit of 7647098?
6
What is the hundreds digit of 2854124?
1
What is the units digit of 2560197?
7
What is the millions digit of 7312636?
7
What is the tens digit of 18677097?
9
What is the units digit of 26022?
2
What is the tens digit of 3263057?
5
What is the ten millions digit of 11167415?
1
What is the units digit of 19778208?
8
What is the units digit of 2931947?
7
What is the tens digit of 382233?
3
What is the millions digit of 15010744?
5
What is the units digit of 648882?
2
What is the tens digit of 5619430?
3
What is the units digit of 4641672?
2
What is the hundred thousands digit of 3731101?
7
What is the units digit of 1840?
0
What is the units digit of 493250?
0
What is the ten millions digit of 29069566?
2
What is the ten millions digit of 15265420?
1
What is the hundreds digit of 266335?
3
What is the tens digit of 7128480?
8
What is the hundred thousands digit of 6989453?
9
What is the tens digit of 164985?
8
What is the ten thousands digit of 478850?
7
What is the units digit of 1615067?
7
What is the hundreds digit of 300105?
1
What is the thousands digit of 3348942?
8
What is the units digit of 184367?
7
What is the units digit of 23776?
6
What is the ten thousands digit of 2829467?
2
What is the units digit of 761555?
5
What is the hundreds digit of 733749?
7
What is the thousands digit of 10393?
0
What is the hundred thousands digit of 112262?
1
What is the hundreds digit of 1056116?
1
What is the ten thousands digit of 854091?
5
What is the ten thousands digit of 857648?
5
What is the thousands digit of 15438?
5
What is the thousands digit of 189496?
9
What is the units digit of 121879?
9
What is the units digit of 37232?
2
What is the units digit of 1395778?
8
What is the hundred thousands digit of 1016704?
0
What is the tens digit of 1436403?
0
What is the tens digit of 698425?
2
What is the millions digit of 12648867?
2
What is the millions digit of 11494157?
1
What is the hundreds digit of 1743815?
8
What is the tens digit of 769356?
5
What is the tens digit of 808859?
5
What is the hundred thousands digit of 472735?
4
What is the tens digit of 8448764?
6
What is the ten millions digit of 19645448?
1
What is the units digit of 9382588?
8
What is the millions digit of 5204901?
5
What is the hundreds digit of 412?
4
What is the ten millions digit of 12048988?
1
What is the tens digit of 358755?
5
What is the thousands digit of 583337?
3
What is the tens digit of 85800?
0
What is the hundred thousands digit of 3889045?
8
What is the hundred thousands digit of 3824627?
8
What is the tens digit of 10427881?
8
What is the tens digit of 2723038?
3
What is the thousan